 of w and i?
33
Suppose 5*w + 200 = 3*a, 25 + 123 = 2*a + 4*w. Let g = -52 + 62. Calculate the highest common factor of a and g.
10
Suppose -181 = -4*d + 335. Let u = d + -111. Calculate the greatest common factor of u and 54.
18
Let k = -867 - -939. Let b be -1 - 3/((-9)/30). What is the greatest common factor of k and b?
9
Let j = 4432 - 4341. What is the highest common factor of j and 832?
13
Let c be 209/(-627) + (-1261)/(-3). Calculate the greatest common divisor of 18 and c.
6
Let j be 41050/45 + (125/45 - 3). What is the greatest common divisor of j and 192?
48
Suppose -375 = -5*i - 0*i. Suppose -1 + 4 = -c, 2*x - c = -13. Let z = x + 23. What is the highest common divisor of z and i?
15
Let y(v) = 7*v**3 - 11*v**2 + 42*v - 111. Let f be y(13). What is the highest common divisor of f and 5?
5
Suppose -21*y = 66*y - 7*y - 2000. Suppose 2*i = -i + 45. Calculate the highest common factor of y and i.
5
Let t(d) = 4*d + 73. Let g be t(13). What is the greatest common factor of g and 275?
25
Let m be (1*11)/((-1)/(-4)). Let u = m - 22. Let i(k) = 6*k**2 - 31*k - 129. Let l be i(-5). Calculate the highest common divisor of u and l.
22
Let z(u) = -u**3 + 96*u**2 - 99*u + 232. Let s be z(91). What is the greatest common factor of 12 and s?
12
Let i = 2720 - 2434. What is the highest common factor of i and 416?
26
Let z be ((-20)/(-25))/(4/(-10170)*-9). What is the highest common factor of z and 2?
2
Suppose -5*h + 5*u - 80 = 3*u, 3*u = 5*h + 85. Let a be (229 - h/7)*2/6. What is the highest common divisor of a and 33?
11
Suppose i - 6*i = 4*c - 439, 2*c = 4*i - 320. What is the greatest common divisor of 25 and i?
1
Suppose 217*o - 258*o = -35096. Let v = 81 + -73. What is the highest common divisor of v and o?
8
Let q(o) = -105*o + 1017. Let h be q(5). What is the greatest common divisor of h and 1804?
164
Let v(z) = -2*z**3 - 47*z**2 + 25*z + 41. Let n be v(-24). Suppose 0 = 4*l + 2*r - 5*r - 35, -2*l + n = -r. What is the greatest common divisor of l and 68?
4
Let b be 5/(5/(-18))*(8 + 2)/(-30). Let w = -40 - -106. What is the greatest common divisor of b and w?
6
Let l(c) = -26*c**3 + 4*c**2 - 11*c + 16. Let i be l(2). Let y = -58 + 112. Let d = y - i. What is the highest common factor of 36 and d?
36
Let j(d) = d + 4. Let q be j(2). Let z(o) = 0 - 2*o + 7*o**2 + 8 + q*o - 3. Let h be z(-2). What is the greatest common divisor of h and 25?
25
Suppose x + 27 = 5*j, 5*x - 21 - 12 = -3*j. Calculate the highest common divisor of j and 1347.
3
Let i = -1730 + 2038. What is the highest common divisor of 42 and i?
14
Suppose 0*s + 5*s - 1260 = 0. Let h(b) = b**2 + 44*b - 60. Let l be h(-45). Let g be (-448)/(-12) + 20/l. What is the highest common divisor of g and s?
36
Let c be -88*((-4)/(-30) - 176/(-480)). Let m be (-3 - (3 - c))*-1. Calculate the greatest common divisor of m and 325.
25
Let p be -2 - (-104 - (2 - 4)). Suppose -2*x = -42*v + 38*v - 36, -5*v = -5*x + 55. Calculate the highest common factor of x and p.
4
Let x(y) = 80*y**2 - y - 2. Let j be x(-2). Suppose c - 3*u - 61 = 0, 13*c + 2*u = 10*c + 194. Calculate the highest common divisor of c and j.
64
Suppose 0 = 3*i + 24, 3*i - 187 = -2*l + 309. Calculate the greatest common divisor of 160 and l.
20
Suppose -2*w - 9 = -5*w. Suppose 5*g - 15 = 5*k, w*g = -5*k + 10 + 15. Calculate the highest common factor of k and 24.
2
Let g = -79 + 135. Let q = g - 38. Suppose 5*t + 3*i - 15 = 3*t, -i - 11 = -2*t. What is the greatest common divisor of t and q?
6
Let s = 13016 - 12956. What is the highest common divisor of 10440 and s?
60
Let w = -5015 - -5624. Calculate the highest common divisor of 957 and w.
87
Suppose 85*y - 6480 = 67725. What is the greatest common factor of y and 18?
9
Let s be (7 - 9) + -1 + 8. Let o be 4/(-10) - (s + 264/(-10)). Calculate the greatest common factor of 105 and o.
21
Let u = 348 + -491. Let q = u - -187. What is the highest common factor of 176 and q?
44
Suppose 100*p - 97*p + 789 = 3*a, -a + 4*p = -257. Calculate the highest common divisor of a and 2.
1
Suppose 5*f + s + 3138 = 3*s, 4*s - 16 = 0. Let r = 1143 + f. Calculate the highest common factor of 47 and r.
47
Let g = -18727 + 18734. What is the greatest common factor of g and 405?
1
Let l = 63 - 61. Let b be (7/(-14))/(l/(-80)). Suppose -b = 9*n - 110. Calculate the greatest common divisor of 30 and n.
10
Let s(i) be the first derivative of i**4/4 + 10*i**3/3 + i**2/2 + 17*i - 10. Let p be s(-10). What is the highest common divisor of 49 and p?
7
Let c be -7 + 10 + (34 - 1). Let x be 24/c + (-3604)/(-12). Calculate the greatest common divisor of x and 43.
43
Let o(t) = -11*t**3 - 14*t**2 - 6*t - 19. Let i be o(-5). Suppose 0 = -25*y + 214 + i. What is the highest common factor of 40 and y?
10
Suppose 158*g - 4379 = 55*g + 9732. What is the greatest common factor of g and 3973?
137
Let x(q) = -3*q + 56. Let r be x(17). Suppose 0 = -5*p - r*l - 146 - 269, -5*l - 10 = 0. Let f = -63 - p. What is the highest common divisor of 63 and f?
9
Let h be 110 - ((-6)/(-3) + -2). Suppose -18*t - 153 = 387. Let f = h + t. What is the highest common factor of 5 and f?
5
Let u be (-2)/(-10) - (-151)/(-20)*4. Let l be 0 - ((-5)/u + 50/(-12)). What is the highest common divisor of 8 and l?
4
Let l(k) = k**2 + 6*k - 6. Let p be l(-8). Let n = -245 + 242. Let t be 2*8 + (-12 + 8 - n). Calculate the greatest common divisor of t and p.
5
Suppose 4*f = 2 + 2. Let a be 0 - f - (11 + -11). Let j be (-26)/(-3 + 2 + a). What is the greatest common factor of 65 and j?
13
Suppose 7280 + 8944 = 32*t. Calculate the highest common factor of t and 1365.
39
Let f(c) = -c**2 - 23*c + 26. Let x be f(-18). Suppose -2*i - 230 = 3*i + j, 5*j + x = -3*i. Let n = i + 63. What is the greatest common factor of n and 24?
8
Suppose -7*x + 3*x + 76 = 0. Let s = 71 + -69. Let b(c) = 9*c**3 - c**2 + 3*c + 2. Let k be b(s). Calculate the greatest common divisor of k and x.
19
Suppose -47042 + 123546 = 382*t - 75914. What is the greatest common factor of t and 1463?
133
Let k be (8/2 - 21507/428)*-8. Calculate the greatest common factor of k and 90.
10
Let c be ((-81)/21)/(-3) + (-6)/21. Suppose v - 6 = -c. Suppose 2*r - 118 = -4*b, 7*b - 8*b - v*r = -25. What is the highest common factor of 60 and b?
30
Let z(p) = 42*p - 6. Let x be z(4). Suppose 3*c + 63 = -4*c. Let m be (c - -5)/8*(-38 + 2). What is the highest common divisor of m and x?
18
Let f be (21/9)/(3/(-459)). Let m be (6 + (-100)/12)/(3/189). Let h = m - f. What is the greatest common divisor of h and 21?
21
Suppose -13*c - 824 = -17*c. Let x = c + -126. Calculate the greatest common factor of x and 32.
16
Let z(c) = 105 + 16*c - 23*c + 67 + 4*c. Let x be z(29). What is the greatest common factor of x and 34?
17
Let g be -6*(-5)/20*10. Suppose 6*i - 63 = -g*i. Let z(l) = -3*l - 18. Let u be z(-9). Calculate the highest common divisor of i and u.
3
Suppose -s = 3*w - 5315 - 8812, 0 = -3*s - 9. Calculate the greatest common divisor of w and 12.
6
Suppose 165*t - 139*t = 2574. What is the greatest common factor of 4884 and t?
33
Let v(n) = -n**2 - 13*n + 22. Let c(m) = -m**2 - 5*m + 2*m + 0*m**2 + 5 - 6. Let y be c(2). Let o be v(y). Calculate the greatest common divisor of 22 and o.
22
Let k = 204 - 117. Suppose -3*q + k + 270 = 0. Let g(a) = 2*a**2 - 6*a - 3. Let r be g(5). Calculate the greatest common divisor of q and r.
17
Let c(o) = 2*o**3 + o**2 - 5*o + 12. Let a be c(2). Suppose 1502 = a*d - 544. What is the greatest common divisor of 155 and d?
31
Let w be (6/5)/((-534)/(-402280)). Calculate the highest common divisor of 7458 and w.
226
Suppose -4*y - 6*k + 859 = -k, 0 = -5*y + 2*k + 1115. What is the greatest common factor of y and 299?
13
Suppose 9*w - 3967 = -511. Calculate the greatest common divisor of 216 and w.
24
Let b(q) = 5*q**2 - 2*q + 246. Let r be b(13). Calculate the highest common divisor of 15 and r.
15
Let p(q) = -20*q - 54. Suppose -6*f + 53 = 83. Let l be p(f). What is the highest common factor of l and 92?
46
Let i(x) = 2*x**2 - 2*x - 22. Let o be i(-4). What is the highest common divisor of 1716 and o?
6
Let v be (54 - 61)*(-44)/(-8)*-10. What is the highest common factor of v and 605?
55
Let c = 416 + 1272. Calculate the highest common factor of c and 24.
8
